is -112 + 27?
-63
In base 3, what is 1 + 20211?
20212
In base 4, what is -1312 + 1?
-1311
In base 2, what is 10000011 - -1?
10000100
In base 14, what is -12 + 85?
73
In base 7, what is -3 + -661?
-664
In base 5, what is -10 - 13?
-23
In base 5, what is -14 + -14?
-33
In base 12, what is 15 - 10?
5
In base 6, what is 4 - -112?
120
In base 14, what is 3 - d2?
-cd
In base 8, what is -3 + -773?
-776
In base 4, what is -22 - 1232?
-1320
In base 8, what is 1 - 513?
-512
In base 16, what is b98 - -4?
b9c
In base 12, what is 1 + -1b?
-1a
In base 8, what is -454 - -3?
-451
In base 6, what is -5 - -34231?
34222
In base 6, what is -31001 - -11?
-30550
In base 10, what is -555 - 4?
-559
In base 16, what is 2f7 - -4?
2fb
In base 6, what is -2323 + -3?
-2330
In base 8, what is -102 + -4?
-106
In base 5, what is -1244 - 233?
-2032
In base 15, what is 24 + -1?
23
In base 15, what is 3 + 1e?
22
In base 4, what is 11 - 11?
0
In base 10, what is -6 + 64?
58
In base 2, what is 100 - -1011111011?
1011111111
In base 10, what is -401 + 5?
-396
In base 8, what is 0 - -414?
414
In base 16, what is -1d8d - -5?
-1d88
In base 6, what is -35210 + -2?
-35212
In base 12, what is -19 - 31?
-4a
In base 13, what is -2c + 12?
-1a
In base 13, what is 4 - 66?
-62
In base 3, what is -101122 - -200?
-100222
In base 13, what is -5 + -70?
-75
In base 13, what is 3 - 2c6?
-2c3
In base 4, what is 111 + -203?
-32
In base 13, what is 9 - -13?
1c
In base 2, what is 110010 + -100011?
1111
In base 10, what is -291 + 4?
-287
In base 9, what is 4 - -5843?
5847
In base 8, what is -60 - -10?
-50
In base 2, what is 10001 + -1100110011?
-1100100010
In base 15, what is 526 + -2?
524
In base 11, what is -2824 - 4?
-2828
In base 16, what is 63 - -4e?
b1
In base 11, what is -422 + 28?
-3a5
In base 12, what is 66 + 1?
67
In base 16, what is 14c4 - 3?
14c1
In base 7, what is 2 + 301?
303
In base 8, what is 53 - 2?
51
In base 3, what is 22021 - 1?
22020
In base 16, what is -a5 - 3?
-a8
In base 7, what is 3266 + -1?
3265
In base 15, what is 52 + 20?
72
In base 7, what is 4 - 200?
-163
In base 4, what is -100322 - -2?
-100320
In base 12, what is 3400 + -8?
33b4
In base 8, what is 0 - -203?
203
In base 12, what is 202 + -2?
200
In base 13, what is 800 + 4?
804
In base 12, what is -5 + -3b92?
-3b97
In base 5, what is 10 + 4124?
4134
In base 16, what is 5 - -2b?
30
In base 2, what is 101110000101101 + -101?
101110000101000
In base 14, what is -212 + -2?
-214
In base 9, what is -2 - 1302?
-1304
In base 5, what is 4330 - -3?
4333
In base 7, what is -36 - 540?
-606
In base 16, what is -c + 60?
54
In base 9, what is 54 + -4?
50
In base 10, what is 24 - 22?
2
In base 9, what is 5 - 185?
-180
In base 13, what is 52 - -2b?
80
In base 10, what is -3 - -1628?
1625
In base 3, what is -10 - -2010?
2000
In base 13, what is 20 - -18?
38
In base 10, what is 6 - 8?
-2
In base 9, what is 4 - -160?
164
In base 11, what is -3 + -40?
-43
In base 7, what is 0 - 231?
-231
In base 9, what is -16 + -2353?
-2370
In base 10, what is 4 - -656?
660
In base 5, what is 10 - -21401?
21411
In base 16, what is -1 - d57?
-d58
In base 16, what is -1 - -3c0?
3bf
In base 9, what is 10637 - -4?
10642
In base 6, what is -4 - 15?
-23
In base 6, what is -110 + 10?
-100
In base 3, what is -1 - -1020?
1012
In base 5, what is 0 - 2204?
-2204
In base 7, what is -411 + -3?
-414
In base 8, what is 1432 + 3?
1435
In base 14, what is -bb + -c?
-c9
In base 14, what is 0 - -1957?
1957
In base 13, what is 0 + -37?
-37
In base 3, what is -22101 - -101?
-22000
In base 11, what is -3a + 16?
-24
In base 6, what is 3 - -50?
53
In base 8, what is 30 + 1?
31
In base 2, what is -10 + -1110010?
-1110100
In base 14, what is 5172 + 4?
5176
In base 3, what is 2001122 + 2?
2001201
In base 5, what is 4 - 12?
-3
In base 2, what is 1011011 - 1?
1011010
In base 11, what is 9 + 16?
24
In base 2, what is -110 + 11110110?
11110000
In base 4, what is -1 - 200?
-201
In base 3, what is -2012 + 20111?
11022
In base 2, what is -111 + -10001100?
-10010011
In base 14, what is 12 + 2?
14
In base 10, what is 5 - 1836?
-1831
In base 5, what is -3240 - 342?
-4132
In base 9, what is 5 - -26?
32
In base 5, what is 1201 - -10?
1211
In base 14, what is 4 + c8?
cc
In base 4, what is -2 - 1000?
-1002
In base 15, what is 5 - -66?
6b
In base 11, what is 1 + 3a8?
3a9
In base 8, what is -20 - -2?
-16
In base 2, what is 101010 - 1111?
11011
In base 9, what is 4 + -5?
-1
In base 14, what is -13 + 3?
-10
In base 6, what is 4250 - 14?
4232
In base 14, what is 5 - c?
-7
In base 8, what is -1204 + -3?
-1207
In base 8, what is -36 + 43?
5
In base 6, what is 12224 + 0?
12224
In base 15, what is -55 - e?
-64
In base 11, what is -1 - 348?
-349
In base 3, what is -22210002 - 0?
-22210002
In base 14, what is 5 - 569?
-564
In base 11, what is 0 - 81?
-81
In base 13, what is -2 - -290?
28b
In base 14, what is -3 - aa?
-ad
In base 7, what is -3106 - -5?
-3101
In base 16, what is -f - d3?
-e2
In base 14, what is 35 - 1d?
16
In base 8, what is -37 + 14?
-23
In base 11, what is 2 - -129?
130
In base 11, what is -8 + 35?
28
In base 16, what is 2db + -6?
2d5
In base 12, what is -1 - 457?
-458
In base 7, what is -4 - -1014?
1010
In base 10, what is -394 - -3?
-391
In base 5, what is -43 - -1?
-42
In base 4, what is -20 - 1232?
-1312
In base 11, what is 9 + -1a7?
-199
In base 13, what is -122 + 4?
-11b
In base 10, what is 100 - 1?
99
In base 13, what is 3 - -41?
44
In base 4, what is 212 - -103?
321
In base 10, what is -3 + -2964?
-2967
In base 12, what is 6 + -82?
-78
In base 12, what is 3 - 1a5?
-1a2
In base 10, what is 1 + 826?
827
In base 7, what is 2 + 10?
12
In base 7, what is -304 + -4?
-311
In base 16, what is -28 - 3?
-2b
In base 16, what is -15 + -2?
-17
In base 3, what is 10 + 211200?
211210
In base 5, what is 240 - 4?
231
In base 6, what is 253513 + -5?
253504
In base 15, what is 31 - 14?
1c
In base 6, what is 1552 + -2?
1550
In base 2, what is 101 + -10000?
-1011
In base 12, what is 8 + -43b?
-433
In base 12, what is -27 + 3bb?
394
In base 13, what is -58 - 3?
-5b
In base 12, what is -28 - 727?
-753
In base 9, what is 12 - -154?
166
In base 12, what is -1 + 1a2?
1a1
In base 5, what is 0 - -11342?
11342
In base 4, what is 11 - 122?
-111
In base 3, what is 20220 + 2?
20222
In base 7, what is -6 - 11651?
-11660
In base 13, what is 84 + 3?
87
In base 4, what is -2312 - 121?
-3033
In base 12, what is 81 + 7?
88
In base 11, what is 3 + 128?
130
In base 6, what is 114 - -121?
235
In base 3, what is 12 - -21010?
21022
In base 5, what is -1021 - -1?
-1020
In base 6, what is -5014 - 3?
-5021
In base 16, what is b6 + 3?
b9
In base 4, what is 2 - -220030?
220032
In base 8, what is -14 + -254?
-270
In base 10, what is 7 + -1084?
-1077
In base 9, what is -2 - -17?
15
In base 2, what is -100010000 - 1110?
-100011110
In base 7, what is -6 - 220?
-226
In base 2, what is -111001111 + 100?
-111001011
In base 2, what is -101 - 10101101?
-10110010
In base 16, what is -35 - c?
-41
In base 7, what is 35616 - 1?
35615
In base 3, what is -2212 - -20?
-2122
In base 5, what is -4 + 2014?
2010
In base 16, what is -1ca - -7?
-1c3
In base 2, what is -10 - 10100110100?
-10100110110
In base 9, what is 41 - -21?
62
In base 5, what is -23 - 33?
-111
In base 12, what is 4 + 114a?
1152
In base 8, what is 54 - -5?
61
In base 6, what is 433 - 113?
320
In base 4, what is 0 + 1102?
1102
In base 13, what is -3 + 1664?
1661
In base 10, what is -3 + -1414?
-1417
In base 8, what is -74 - -250?
154
In base 15, what is -3e + 5?
-39
In base 2, what is -1101 + -10110?
-100011
In base 12, what is 1 - 7?
-6
In base 14, what is 15d + -4?
159
In base 5, what is 20202 + -3?
20144
In base 4, what is -1133 + -1?
-1200
In base 11, what is -92 + -113?
-1a5
In base 5, what is -10 + -3034?
-3044
In base 7, what is -234 + 11?
-223
In base 11, what is -4 - -3361?
3358
In base 5, what is 421 + -24?
342
In base 8, what is 1 + 4765?
4766
In base 16, what is 3 + 31?
34
In base 3, what is -11120211 - 11?
-11120222
In base 2, what is -100111 - -1101?
-11010
In base 13, what is -3 - 29?
-2c
In base 8, what is 20 + -504?
-464
In base 14, what is 5 - -35?
3a
In base 4, what is 31 - 31?
0
In base 12, what is 52 - -1?
53
In base 6, what is 4 + 25002?
25010
In base 5, what 